)/(222/(-1026380))?
2, 3, 7, 19, 73
Suppose 8*q = 11*q - 22455. What are the prime factors of q?
3, 5, 499
Let q be (2369/2)/(14/84). Suppose -4*i + 3*d + q = 0, 5*i - 4*d - 8966 = -82. What are the prime factors of ((-26)/12*2)/((-37)/i)?
2, 13
Let i(s) = 6*s**3 - 4*s**2 + 8*s - 1. Let x(y) = -5*y**3 + 5*y**2 - 8*y + 2. Let c(l) = 4*i(l) + 5*x(l). What are the prime factors of c(7)?
2, 3
What are the prime factors of ((-6735)/60)/(7/(-224))?
2, 449
Let j be (-8)/(-28) - 313*(-6)/42. What are the prime factors of 12/(-54) - (3 + (-24220)/j)?
5, 107
Suppose -451*y + 2*z - 15774 = -453*y, -5*y + 2*z = -39435. What are the prime factors of y?
3, 11, 239
Let f(u) = -u**2 + u + 4. Let a be f(4). Let x(q) = -18*q - 28. Let d be x(a). What are the prime factors of d - (-1 + 5)*-1?
2, 3, 5
Let d be (-12)/2*(9/3 + 30). List the prime factors of (d/55)/((42/(-860))/7).
2, 3, 43
Let l(j) = 918*j - 390. What are the prime factors of l(13)?
2, 3, 13, 37
Suppose 153*s - w = 148*s + 29432, 0 = -3*s - 2*w + 17641. What are the prime factors of s?
5, 11, 107
Let k = -4054 - -4407. What are the prime factors of k?
353
List the prime factors of -1*(-23)/(276/10920).
2, 5, 7, 13
Let f = -158 - -119. What are the prime factors of (f/6)/((-93)/46 + 2)?
13, 23
Let a(o) = -7*o**3 - 3*o**2 - 8*o + 753. Let d(x) = 9*x**3 + 4*x**2 + 8*x - 752. Let k(r) = 4*a(r) + 3*d(r). List the prime factors of k(0).
2, 3, 7
Let s = 898 - -1594. Suppose s = -12*x + 15248. What are the prime factors of x?
1063
Suppose -o + j - 1541 = -5*o, -399 = -o - 3*j. List the prime factors of 2 + o - (-7 + 13)/2.
383
Let x be 10/3 - (-1)/(-3). Let z be 6/(-9)*x*-5. What are the prime factors of ((-4)/z)/((-14)/1050)?
2, 3, 5
Suppose 2*u + 74 = 5*w, -4*u = 4*w - 0*u - 48. Suppose 9*a + 10 = w*a. Suppose -3*o = -a*i - 94, 4*i + 0*i = 3*o - 92. List the prime factors of o.
2
Suppose -5*z - 5*y = -67985, 3*y - 40799 = -3*z - 2*y. List the prime factors of z.
3, 23, 197
Let j(f) = 3*f**2 - 41*f + 43. Let s(k) = -k**2 + 20*k - 22. Let m(t) = 2*j(t) + 5*s(t). What are the prime factors of m(-30)?
2, 3, 7
Let i be ((1 - 1)/(-2))/(-3 + 2). Suppose 8*z - 5*z = -3*y + 1692, 3*y + 2*z - 1692 = i. List the prime factors of y.
2, 3, 47
Let o be 3 - (6848/(-8))/8. Suppose -y = 4*c - 10, 4*y + c = -c + 40. Let a = o + y. What are the prime factors of a?
2, 3, 5
Let s = 55983 - 18351. What are the prime factors of s?
2, 3, 7
Let i(u) = u**3 + 11*u**2 + 57*u + 64. List the prime factors of i(18).
2, 7, 107
Let m(g) = -474*g**3 - 6*g**2 - 4*g + 9. List the prime factors of m(-5).
7, 8447
Let b(v) = -42*v - 6. Let d be b(2). List the prime factors of ((-36)/(-8))/((-3)/d).
3, 5
Suppose 5*y + 2*t = 96264, 0 = 20*y - t - 381022 - 4106. List the prime factors of y.
2, 29, 83
Let y = -100 - -58. Let n = y + 404. List the prime factors of n.
2, 181
Let h = 2277 - 2285. Let n(r) be the first derivative of r**3/3 - 9*r**2/2 - 7*r + 1. List the prime factors of n(h).
3, 43
Let t(h) = -h. Let l(y) = 25*y - 17. Let c(n) = -n**3 - 6*n**2 - n - 4. Let m be c(-6). Let k(g) = m*t(g) - l(g). List the prime factors of k(-5).
2, 19
Suppose -3945 = -j - 2*y + 1540, 3*j + 5*y = 16461. What are the prime factors of j?
23, 239
What are the prime factors of (-33882)/((-14)/28*12)?
5647
Suppose 0 = 2*p + 4*g + 12, 0 - 6 = -5*p - g. Suppose -5*x + 1124 = -0*x - r, -p*x = 2*r - 452. List the prime factors of x.
3, 5
Let s(r) = 19*r - 8. Let u = -11 + 15. Let c be 154/42 - u*2/12. What are the prime factors of s(c)?
7
Let z(y) = y**3 - 5*y**2 - 13*y - 1. Let s be z(7). Let b be s/21 - (-176)/(-28). List the prime factors of (6/45*b)/((-1)/50).
2, 5
Let h(a) = -a**3 - 13*a**2 - 9*a + 2. List the prime factors of h(-15).
587
Let i(l) = l**3 + l**2 + l. Let z(v) = -4*v**3 + v + 1. Let w(j) = -5*i(j) - z(j). Suppose n - 2*q - 3 = -2, 3*n + 4*q = -27. List the prime factors of w(n).
29
Suppose -4*i - 4*a = -6*a - 27288, 4*i - 6*a = 27288. What are the prime factors of i?
2, 3, 379
Suppose 3*f = 2*p + 2356, 99*f - 104*f - 5*p = -3935. List the prime factors of f.
2, 3, 131
Suppose 36*i - 26*i = 13720. Suppose -4*w + 2*w + i = -2*s, 0 = 4*s. What are the prime factors of w?
2, 7
Let b(i) = i**2 - 10*i - 11. Let x be b(11). Let k = x - 1. Let u = k + 74. What are the prime factors of u?
73
Suppose 13*n - 20603 = 2*n. Let j = n + -1191. What are the prime factors of j?
2, 11, 31
Let n(k) = -181*k + 364*k - 4 - 182*k. Let g be 16 + (-5 + 3 - 1). List the prime factors of n(g).
3
Let a(f) = 11*f**3 + 2*f**2 + 37*f + 7. List the prime factors of a(14).
3, 7, 1481
Suppose -2*c + 5618 = 3*q, 4*q - 4*c - 7529 = c. Suppose 0 = 3*t + 11*t - q. What are the prime factors of t?
2, 67
Let i be (393/(-6))/(2/4). Let n = i + 1048. List the prime factors of n.
7, 131
Let c(h) = 6*h**2 - 2*h - 2. Let x(p) = 54*p - 2. Let u be x(1). Let r = u - 57. List the prime factors of c(r).
2, 79
Let f be (-6)/(-36) - 14/12 - -166. Let k = 11 + -7. Suppose 2*x + 5*z = f, x + x = k*z + 174. What are the prime factors of x?
5, 17
Let h(p) = -1607*p**2 + 10*p + 2. Let i be h(3). What are the prime factors of 20/170 + i/(-17)?
3, 283
Suppose 0 = -3*t + 5*v + 18912, -82*t + 2*v + 25230 = -78*t. List the prime factors of t.
3, 701
Suppose -8*a = -a - 49. Let m be (a/(-21))/((-1)/27). Suppose 10*k - m*k - 22 = 0. List the prime factors of k.
2, 11
Let x be (-6)/(-4)*1000/6. Suppose 8*r = -3*l + 4*l + 4, 2*r + 18 = 5*l. Suppose d = -l*t + 482, -3*t + t = -4*d - x. What are the prime factors of t?
11
Let x = -59091 + 84107. What are the prime factors of x?
2, 53, 59
Let j(n) = -3*n - 38. Let p be j(-11). Let h(k) = -k**2 - 5*k. Let y be h(p). Suppose y*g = 4*g - 576. What are the prime factors of g?
2, 3
Let d(a) = -6308*a**3 + 3*a**2 + 17*a + 14. List the prime factors of d(-1).
2, 19, 83
Suppose 4*a - 4059 - 10677 = 0. Suppose -49*g + 45*g + a = 0. List the prime factors of g.
3, 307
Suppose -8*n = 3*o - 12*n - 256, 0 = -2*o + 2*n + 172. Suppose -1335*k = -1334*k - o. What are the prime factors of k?
2, 11
Let i(z) = z**3 + 34*z**2 - 3*z - 263. List the prime factors of i(-25).
5437
Let f = -43 - -43. Suppose -3*k + 336 = -f*k. Let n = -31 + k. List the prime factors of n.
3
List the prime factors of ((2 - 3)*-1 + (-4923048)/(-208))*2.
47339
Suppose -105 = 3*v - 24. What are the prime factors of 2646/10 + v/45?
2, 3, 11
List the prime factors of (-2)/6 + (-73136)/(-42).
1741
Suppose -12*a = -78*a + 441606. What are the prime factors of a?
6691
Suppose -5*o - 160 = -5*d, -2*d - 4*o = -3*d + 44. Let w(k) = d*k**2 - 2*k - 27*k**2 + 9 - 34. List the prime factors of w(-8).
5, 11
Let l(k) = -k**2 + 13*k - 25. Let c(x) = x**2 - 10*x - 51. Let q be c(14). What are the prime factors of l(q)?
3, 5
Let v(d) = -1394*d + 6203. What are the prime factors of v(-28)?
5, 83, 109
Let g = 14711 + -4702. List the prime factors of g.
10009
Let x(c) be the second derivative of 7*c**3/6 - 29*c**2/2 - 229*c. Let m = 34 - 18. List the prime factors of x(m).
83
Suppose 16 + 14 = 5*v. Suppose v*a - 3750 = a. Suppose 285 - a = -5*g. What are the prime factors of g?
3, 31
Suppose 6 = 22*k - 19*k. List the prime factors of 28/(-56) - -1*167/k.
83
Suppose 117853 + 187576 = 5*c + q, 20 = 5*q. What are the prime factors of c?
5, 19, 643
What are the prime factors of (26/(-14) - 7)/((-1)/5971)?
2, 31, 853
Suppose -2*c + 3*o + 14779 - 2519 = 0, 4*c - 24484 = -3*o. What are the prime factors of c?
2, 1531
Let g = -126 - -81. List the prime factors of (-336)/30*g/2 + 1.
11, 23
Suppose -3*h - 4*z = -376, -4*h - 4*z = -2*h - 244. Suppose 97*i + 4 = 95*i, -4*i = 3*l + 239. Let t = h + l. List the prime factors of t.
5, 11
Suppose -8*j + 2482 + 16534 = 0. Let z = j - 1581. List the prime factors of z.
2, 199
Suppose -2*y + 1536 + 2522 = 0. Suppose -5*u + 6*u = 5*w + y, 4*u - 8016 = -5*w. List the prime factors of u.
7, 41
Let u = 3691 - -19315. What are the prime factors of u?
2, 11503
Suppose -4*y + 3*z + 160941 = 0, -2*y = 3*z + 15205 - 95662. What are the prime factors of y?
3, 13411
Let t be 1/2*(-172)/(-1). Let z = 79 - t. Let a(l) = -l**3 - 2*l**2 + 9*l + 2. List the prime factors of a(z).
2, 23
Suppose 379*p - 387*p = 432. Suppose -624 = -4*y + 48. Let m = p + y. List the prime factors of m.
2, 3, 19
Let r be (